{"id":4322,"date":"2022-04-22T05:50:40","date_gmt":"2022-04-22T05:50:40","guid":{"rendered":"http:\/\/atmavidya.org.in\/?page_id=4322"},"modified":"2023-05-06T11:11:12","modified_gmt":"2023-05-06T11:11:12","slug":"sanscrito-alfabetizacao-pt","status":"publish","type":"page","link":"https:\/\/atmavidya.in\/?page_id=4322","title":{"rendered":"S\u00e2nscrito \u2013 Alfabetiza\u00e7\u00e3o"},"content":{"rendered":"\t\t<div data-elementor-type=\"wp-page\" data-elementor-id=\"4322\" class=\"elementor elementor-4322\" data-elementor-post-type=\"page\">\n\t\t\t\t\t\t<section class=\"elementor-section elementor-top-section elementor-element elementor-element-1770f351 elementor-section-boxed elementor-section-height-default elementor-section-height-default\" data-id=\"1770f351\" data-element_type=\"section\">\n\t\t\t\t\t\t<div class=\"elementor-container elementor-column-gap-default\">\n\t\t\t\t\t<div class=\"elementor-column elementor-col-100 elementor-top-column elementor-element elementor-element-6f577ff0\" data-id=\"6f577ff0\" data-element_type=\"column\">\n\t\t\t<div class=\"elementor-widget-wrap elementor-element-populated\">\n\t\t\t\t\t\t<div class=\"elementor-element elementor-element-6b59502b elementor-widget elementor-widget-text-editor\" data-id=\"6b59502b\" data-element_type=\"widget\" data-widget_type=\"text-editor.default\">\n\t\t\t\t<div class=\"elementor-widget-container\">\n\t\t\t\t\t\t\t\t\t<h2 style=\"font-size: 33px; color: #a20000; font-weight: 500;\">Curso de S\u00e2nscrito I &#8211; Alfabetiza\u00e7\u00e3o<\/h2>\t\t\t\t\t\t\t\t<\/div>\n\t\t\t\t<\/div>\n\t\t\t\t\t<\/div>\n\t\t<\/div>\n\t\t\t\t\t<\/div>\n\t\t<\/section>\n\t\t\t\t<section class=\"elementor-section elementor-top-section elementor-element elementor-element-16726a8 elementor-section-boxed elementor-section-height-default elementor-section-height-default\" data-id=\"16726a8\" data-element_type=\"section\">\n\t\t\t\t\t\t<div class=\"elementor-container elementor-column-gap-default\">\n\t\t\t\t\t<div class=\"elementor-column elementor-col-100 elementor-top-column elementor-element elementor-element-2ae83a7c\" data-id=\"2ae83a7c\" data-element_type=\"column\">\n\t\t\t<div class=\"elementor-widget-wrap elementor-element-populated\">\n\t\t\t\t\t\t<div class=\"elementor-element elementor-element-201c96d2 elementor-widget elementor-widget-image\" data-id=\"201c96d2\" data-element_type=\"widget\" data-widget_type=\"image.default\">\n\t\t\t\t<div class=\"elementor-widget-container\">\n\t\t\t\t\t\t\t\t\t\t\t\t\t\t\t<img fetchpriority=\"high\" decoding=\"async\" width=\"900\" height=\"345\" src=\"https:\/\/atmavidya.in\/wp-content\/uploads\/2023\/05\/sanscrito-modulo1.jpg\" class=\"attachment-full size-full wp-image-6276\" alt=\"\" srcset=\"https:\/\/atmavidya.in\/wp-content\/uploads\/2023\/05\/sanscrito-modulo1.jpg 900w, https:\/\/atmavidya.in\/wp-content\/uploads\/2023\/05\/sanscrito-modulo1-285x109.jpg 285w, https:\/\/atmavidya.in\/wp-content\/uploads\/2023\/05\/sanscrito-modulo1-600x230.jpg 600w, https:\/\/atmavidya.in\/wp-content\/uploads\/2023\/05\/sanscrito-modulo1-768x294.jpg 768w, https:\/\/atmavidya.in\/wp-content\/uploads\/2023\/05\/sanscrito-modulo1-500x192.jpg 500w\" sizes=\"(max-width: 900px) 100vw, 900px\" \/>\t\t\t\t\t\t\t\t\t\t\t\t\t\t\t<\/div>\n\t\t\t\t<\/div>\n\t\t\t\t\t<\/div>\n\t\t<\/div>\n\t\t\t\t\t<\/div>\n\t\t<\/section>\n\t\t\t\t<section class=\"elementor-section elementor-top-section elementor-element elementor-element-c084227 elementor-section-boxed elementor-section-height-default elementor-section-height-default\" data-id=\"c084227\" data-element_type=\"section\">\n\t\t\t\t\t\t<div class=\"elementor-container elementor-column-gap-default\">\n\t\t\t\t\t<div class=\"elementor-column elementor-col-100 elementor-top-column elementor-element elementor-element-6324a2f\" data-id=\"6324a2f\" data-element_type=\"column\">\n\t\t\t<div class=\"elementor-widget-wrap elementor-element-populated\">\n\t\t\t\t\t\t<section class=\"elementor-section elementor-inner-section elementor-element elementor-element-180dd77 elementor-section-boxed elementor-section-height-default elementor-section-height-default\" data-id=\"180dd77\" data-element_type=\"section\">\n\t\t\t\t\t\t<div class=\"elementor-container elementor-column-gap-default\">\n\t\t\t\t\t<div class=\"elementor-column elementor-col-100 elementor-inner-column elementor-element elementor-element-4bb4866\" data-id=\"4bb4866\" data-element_type=\"column\">\n\t\t\t<div class=\"elementor-widget-wrap elementor-element-populated\">\n\t\t\t\t\t\t<div class=\"elementor-element elementor-element-7bfd565 nomrgbtm elementor-widget elementor-widget-text-editor\" data-id=\"7bfd565\" data-element_type=\"widget\" data-widget_type=\"text-editor.default\">\n\t\t\t\t<div class=\"elementor-widget-container\">\n\t\t\t\t\t\t\t\t\t<h3>S\u00e2nscrito I &#8211; Alfabetiza\u00e7\u00e3o<\/h3><div class=\"sbheading\"><em>&#8220;Introdu\u00e7\u00e3o ao S\u00e2nscrito \u2013 Alfabetiza\u00e7\u00e3o em Devan\u0101gar\u012b&#8221;<\/em><\/div><div>com Sonia Novaes\u00a0<\/div>\t\t\t\t\t\t\t\t<\/div>\n\t\t\t\t<\/div>\n\t\t\t\t\t<\/div>\n\t\t<\/div>\n\t\t\t\t\t<\/div>\n\t\t<\/section>\n\t\t\t\t<div class=\"elementor-element elementor-element-3c9382e prgagr elementor-widget elementor-widget-text-editor\" data-id=\"3c9382e\" data-element_type=\"widget\" data-widget_type=\"text-editor.default\">\n\t\t\t\t<div class=\"elementor-widget-container\">\n\t\t\t\t\t\t\t\t\t<p>Este curso foi criado para todos aqueles que desejam iniciar um estudo tradicional de S\u00e2nscrito de forma met\u00f3dica e regular.<\/p>\t\t\t\t\t\t\t\t<\/div>\n\t\t\t\t<\/div>\n\t\t\t\t<div class=\"elementor-element elementor-element-cc75092 prgagr elementor-widget elementor-widget-text-editor\" data-id=\"cc75092\" data-element_type=\"widget\" data-widget_type=\"text-editor.default\">\n\t\t\t\t<div class=\"elementor-widget-container\">\n\t\t\t\t\t\t\t\t\t<strong>Conte\u00fado<\/strong><br>\n\n<strong>Introdu\u00e7\u00e3o ao S\u00e2nscrito \u2013<\/strong>\u00a0A l\u00edngua dos Deuses\u2013 Vis\u00e3o geral<br>\n<strong>Alfabeto \u2013\u00a0<\/strong>Translitera\u00e7\u00e3o \u2013 Instru\u00e7\u00f5es para uma pron\u00fancia correta<br>\n<strong>Devan\u0101gar\u012b<\/strong>\u2013Alfabetiza\u00e7\u00e3o em Devan\u0101gar\u012b<br>\n<strong>Leitura e Escrita \u2013\u00a0<\/strong>Pr\u00e1tica \u00ad\u2013 Os participantes ser\u00e3o escutados individualmente e o \u00e1udio da leitura estar\u00e1 dispon\u00edvel para os alunos\t\t\t\t\t\t\t\t<\/div>\n\t\t\t\t<\/div>\n\t\t\t\t<div class=\"elementor-element elementor-element-4ca1db8 prgagr elementor-widget elementor-widget-text-editor\" data-id=\"4ca1db8\" data-element_type=\"widget\" data-widget_type=\"text-editor.default\">\n\t\t\t\t<div class=\"elementor-widget-container\">\n\t\t\t\t\t\t\t\t\t<p><strong>In\u00edcio :&nbsp;<\/strong>13&nbsp; Fevereiro de 2023<br class=\"\"><strong>Aula semanal:&nbsp;<\/strong>Segundas-feiras, das 12:00 h \u00e0s 13:00 h<br class=\"\"><strong>Dura\u00e7\u00e3o: <\/strong>3 meses \u2013 12 encontros<br class=\"\"><strong>Inclui: <\/strong>E-material + \u00e1udio<br class=\"\"><strong>N\u00edvel: <\/strong>Iniciante<br class=\"\"> Atendimento personalizado<\/p>\t\t\t\t\t\t\t\t<\/div>\n\t\t\t\t<\/div>\n\t\t\t\t<div class=\"elementor-element elementor-element-8408dfc prgagr elementor-widget elementor-widget-text-editor\" data-id=\"8408dfc\" data-element_type=\"widget\" data-widget_type=\"text-editor.default\">\n\t\t\t\t<div class=\"elementor-widget-container\">\n\t\t\t\t\t\t\t\t\t<span style=\"color: #0572e0;\"><b> \nInscri\u00e7\u00f5es abertas at\u00e9 o dia 7 de Fevereiro<\/b><\/span>\u00a0&#8211; vagas limitadas!\t\t\t\t\t\t\t\t<\/div>\n\t\t\t\t<\/div>\n\t\t\t\t<div class=\"elementor-element elementor-element-f12de79 elementor-widget elementor-widget-text-editor\" data-id=\"f12de79\" data-element_type=\"widget\" data-widget_type=\"text-editor.default\">\n\t\t\t\t<div class=\"elementor-widget-container\">\n\t\t\t\t\t\t\t\t\t<a href=\"#ppsShowPopUp_100\" class=\"orangbtn\">Pedir Detalhes<\/a>\t\t\t\t\t\t\t\t<\/div>\n\t\t\t\t<\/div>\n\t\t\t\t\t<\/div>\n\t\t<\/div>\n\t\t\t\t\t<\/div>\n\t\t<\/section>\n\t\t\t\t<section class=\"elementor-section elementor-top-section elementor-element elementor-element-74dc93f elementor-section-boxed elementor-section-height-default elementor-section-height-default\" data-id=\"74dc93f\" data-element_type=\"section\">\n\t\t\t\t\t\t<div class=\"elementor-container elementor-column-gap-default\">\n\t\t\t\t\t<div class=\"elementor-column elementor-col-100 elementor-top-column elementor-element elementor-element-af34c3e\" data-id=\"af34c3e\" data-element_type=\"column\">\n\t\t\t<div class=\"elementor-widget-wrap elementor-element-populated\">\n\t\t\t\t\t\t<div class=\"elementor-element elementor-element-4200eb3 elementor-widget elementor-widget-image\" data-id=\"4200eb3\" data-element_type=\"widget\" data-widget_type=\"image.default\">\n\t\t\t\t<div class=\"elementor-widget-container\">\n\t\t\t\t\t\t\t\t\t\t\t\t\t\t\t<img decoding=\"async\" width=\"140\" height=\"34\" src=\"https:\/\/atmavidya.in\/wp-content\/uploads\/2022\/02\/divider-icon.jpg\" class=\"attachment-large size-large wp-image-2629\" alt=\"\" \/>\t\t\t\t\t\t\t\t\t\t\t\t\t\t\t<\/div>\n\t\t\t\t<\/div>\n\t\t\t\t\t<\/div>\n\t\t<\/div>\n\t\t\t\t\t<\/div>\n\t\t<\/section>\n\t\t\t\t<\/div>\n\t\t","protected":false},"excerpt":{"rendered":"<p>Curso de S\u00e2nscrito I &#8211; Alfabetiza\u00e7\u00e3o S\u00e2nscrito I &#8211; Alfabetiza\u00e7\u00e3o &#8220;Introdu\u00e7\u00e3o ao S\u00e2nscrito \u2013 Alfabetiza\u00e7\u00e3o em Devan\u0101gar\u012b&#8221;com Sonia Novaes\u00a0 Este curso foi criado para todos&#8230;<\/p>\n","protected":false},"author":1,"featured_media":0,"parent":0,"menu_order":0,"comment_status":"closed","ping_status":"closed","template":"","meta":{"footnotes":""},"class_list":["post-4322","page","type-page","status-publish","hentry"],"_links":{"self":[{"href":"https:\/\/atmavidya.in\/index.php?rest_route=\/wp\/v2\/pages\/4322","targetHints":{"allow":["GET"]}}],"collection":[{"href":"https:\/\/atmavidya.in\/index.php?rest_route=\/wp\/v2\/pages"}],"about":[{"href":"https:\/\/atmavidya.in\/index.php?rest_route=\/wp\/v2\/types\/page"}],"author":[{"embeddable":true,"href":"https:\/\/atmavidya.in\/index.php?rest_route=\/wp\/v2\/users\/1"}],"replies":[{"embeddable":true,"href":"https:\/\/atmavidya.in\/index.php?rest_route=%2Fwp%2Fv2%2Fcomments&post=4322"}],"version-history":[{"count":22,"href":"https:\/\/atmavidya.in\/index.php?rest_route=\/wp\/v2\/pages\/4322\/revisions"}],"predecessor-version":[{"id":6312,"href":"https:\/\/atmavidya.in\/index.php?rest_route=\/wp\/v2\/pages\/4322\/revisions\/6312"}],"wp:attachment":[{"href":"https:\/\/atmavidya.in\/index.php?rest_route=%2Fwp%2Fv2%2Fmedia&parent=4322"}],"curies":[{"name":"wp","href":"https:\/\/api.w.org\/{rel}","templated":true}]}}