{"id":6834,"date":"2023-05-09T18:23:30","date_gmt":"2023-05-09T18:23:30","guid":{"rendered":"https:\/\/atmavidya.in\/?page_id=6834"},"modified":"2023-09-17T18:32:43","modified_gmt":"2023-09-17T18:32:43","slug":"canto-de-bhagavad-gita","status":"publish","type":"page","link":"https:\/\/atmavidya.in\/?page_id=6834","title":{"rendered":"Canto de Bhagavad Gita"},"content":{"rendered":"\t\t<div data-elementor-type=\"wp-page\" data-elementor-id=\"6834\" class=\"elementor elementor-6834\" data-elementor-post-type=\"page\">\n\t\t\t\t\t\t<section class=\"elementor-section elementor-top-section elementor-element elementor-element-044942d elementor-section-boxed elementor-section-height-default elementor-section-height-default\" data-id=\"044942d\" data-element_type=\"section\">\n\t\t\t\t\t\t<div class=\"elementor-container elementor-column-gap-default\">\n\t\t\t\t\t<div class=\"elementor-column elementor-col-100 elementor-top-column elementor-element elementor-element-6bed2dc\" data-id=\"6bed2dc\" data-element_type=\"column\">\n\t\t\t<div class=\"elementor-widget-wrap elementor-element-populated\">\n\t\t\t\t\t\t<div class=\"elementor-element elementor-element-2b753a8 elementor-widget elementor-widget-text-editor\" data-id=\"2b753a8\" data-element_type=\"widget\" data-widget_type=\"text-editor.default\">\n\t\t\t\t<div class=\"elementor-widget-container\">\n\t\t\t\t\t\t\t\t\t<div style=\"color: #a20000; font-size: 36px;\" align=\"centre\">Canto da Bhagavad G\u012bt\u0101<\/div>\t\t\t\t\t\t\t\t<\/div>\n\t\t\t\t<\/div>\n\t\t\t\t\t<\/div>\n\t\t<\/div>\n\t\t\t\t\t<\/div>\n\t\t<\/section>\n\t\t\t\t<section class=\"elementor-section elementor-top-section elementor-element elementor-element-a16cd59 elementor-section-boxed elementor-section-height-default elementor-section-height-default\" data-id=\"a16cd59\" data-element_type=\"section\">\n\t\t\t\t\t\t<div class=\"elementor-container elementor-column-gap-default\">\n\t\t\t\t\t<div class=\"elementor-column elementor-col-100 elementor-top-column elementor-element elementor-element-a1f390b\" data-id=\"a1f390b\" data-element_type=\"column\">\n\t\t\t<div class=\"elementor-widget-wrap elementor-element-populated\">\n\t\t\t\t\t\t<div class=\"elementor-element elementor-element-321a730 elementor-widget elementor-widget-image\" data-id=\"321a730\" data-element_type=\"widget\" data-widget_type=\"image.default\">\n\t\t\t\t<div class=\"elementor-widget-container\">\n\t\t\t\t\t\t\t\t\t\t\t\t\t\t\t<img fetchpriority=\"high\" decoding=\"async\" width=\"945\" height=\"345\" src=\"https:\/\/atmavidya.in\/wp-content\/uploads\/2022\/02\/course8-2-banner-2022_945w-1.jpg\" class=\"attachment-full size-full wp-image-4087\" alt=\"\" \/>\t\t\t\t\t\t\t\t\t\t\t\t\t\t\t<\/div>\n\t\t\t\t<\/div>\n\t\t\t\t\t<\/div>\n\t\t<\/div>\n\t\t\t\t\t<\/div>\n\t\t<\/section>\n\t\t\t\t<section class=\"elementor-section elementor-top-section elementor-element elementor-element-b861753 elementor-section-boxed elementor-section-height-default elementor-section-height-default\" data-id=\"b861753\" data-element_type=\"section\">\n\t\t\t\t\t\t<div class=\"elementor-container elementor-column-gap-default\">\n\t\t\t\t\t<div class=\"elementor-column elementor-col-100 elementor-top-column elementor-element elementor-element-602e73c\" data-id=\"602e73c\" data-element_type=\"column\">\n\t\t\t<div class=\"elementor-widget-wrap elementor-element-populated\">\n\t\t\t\t\t\t<div class=\"elementor-element elementor-element-b0251dd quotesign elementor-widget elementor-widget-text-editor\" data-id=\"b0251dd\" data-element_type=\"widget\" data-widget_type=\"text-editor.default\">\n\t\t\t\t<div class=\"elementor-widget-container\">\n\t\t\t\t\t\t\t\t\t<h3>&#8220;O Bhagavad G\u012bt\u0101 fornece a vis\u00e3o e um modo de vida.&#8221;<\/h3>\n<em>&#8211; Pujya Swami Dayananda Saraswati<\/em>\t\t\t\t\t\t\t\t<\/div>\n\t\t\t\t<\/div>\n\t\t\t\t\t<\/div>\n\t\t<\/div>\n\t\t\t\t\t<\/div>\n\t\t<\/section>\n\t\t\t\t<section class=\"elementor-section elementor-top-section elementor-element elementor-element-5b6b40b elementor-section-boxed elementor-section-height-default elementor-section-height-default\" data-id=\"5b6b40b\" data-element_type=\"section\">\n\t\t\t\t\t\t<div class=\"elementor-container elementor-column-gap-default\">\n\t\t\t\t\t<div class=\"elementor-column elementor-col-100 elementor-top-column elementor-element elementor-element-0f30dd6\" data-id=\"0f30dd6\" data-element_type=\"column\">\n\t\t\t<div class=\"elementor-widget-wrap elementor-element-populated\">\n\t\t\t\t\t\t<section class=\"elementor-section elementor-inner-section elementor-element elementor-element-f527e74 elementor-section-boxed elementor-section-height-default elementor-section-height-default\" data-id=\"f527e74\" data-element_type=\"section\">\n\t\t\t\t\t\t<div class=\"elementor-container elementor-column-gap-default\">\n\t\t\t\t\t<div class=\"elementor-column elementor-col-100 elementor-inner-column elementor-element elementor-element-025cadf\" data-id=\"025cadf\" data-element_type=\"column\">\n\t\t\t<div class=\"elementor-widget-wrap elementor-element-populated\">\n\t\t\t\t\t\t<div class=\"elementor-element elementor-element-6f845d3 nomrgbtm elementor-widget elementor-widget-text-editor\" data-id=\"6f845d3\" data-element_type=\"widget\" data-widget_type=\"text-editor.default\">\n\t\t\t\t<div class=\"elementor-widget-container\">\n\t\t\t\t\t\t\t\t\t<h3 style=\"color: #a20000;\">CANTO DA BHAGAVAD GITA\u00a0<\/h3><div class=\"sbheading\"><em>&#8220;O Glorioso hino do Senhor K\u1e5b\u1e63\u1e47a&#8221;<\/em><\/div>\t\t\t\t\t\t\t\t<\/div>\n\t\t\t\t<\/div>\n\t\t\t\t<div class=\"elementor-element elementor-element-174586f prgagr elementor-widget elementor-widget-text-editor\" data-id=\"174586f\" data-element_type=\"widget\" data-widget_type=\"text-editor.default\">\n\t\t\t\t<div class=\"elementor-widget-container\">\n\t\t\t\t\t\t\t\t\tO canto da G\u012bt\u0101 \u00e9 uma poderosa ferramenta purificadora e que tamb\u00e9m integra o corpo, a fala e a mente. Al\u00e9m disso, o canto refina a mente e aperfei\u00e7oa a mem\u00f3ria e a concentra\u00e7\u00e3o. A Bhagavad G\u012bt\u0101 \u00e9 considerada a joia da coroa da sabedoria espiritual da \u00cdndia e \u00e9 vista como a m\u00e3e que orienta na dire\u00e7\u00e3o da verdade do si mesmo.\t\t\t\t\t\t\t\t<\/div>\n\t\t\t\t<\/div>\n\t\t\t\t\t<\/div>\n\t\t<\/div>\n\t\t\t\t\t<\/div>\n\t\t<\/section>\n\t\t\t\t<div class=\"elementor-element elementor-element-851bd3f prgagr elementor-widget elementor-widget-text-editor\" data-id=\"851bd3f\" data-element_type=\"widget\" data-widget_type=\"text-editor.default\">\n\t\t\t\t<div class=\"elementor-widget-container\">\n\t\t\t\t\t\t\t\t\tA tradi\u00e7\u00e3o diz que o Senhor K\u1e5b\u1e63\u1e47a est\u00e1 presente em todos os momentos e espa\u00e7os em que a G\u012bt\u0101 \u00e9 cantada, lida, ouvida, ensinada ou contemplada e que tal lugar se torna santificado.\t\t\t\t\t\t\t\t<\/div>\n\t\t\t\t<\/div>\n\t\t\t\t<div class=\"elementor-element elementor-element-f98452d prgagr elementor-widget elementor-widget-text-editor\" data-id=\"f98452d\" data-element_type=\"widget\" data-widget_type=\"text-editor.default\">\n\t\t\t\t<div class=\"elementor-widget-container\">\n\t\t\t\t\t\t\t\t\tEsse curso foi criado para aqueles que j\u00e1 tiveram uma primeira exposi\u00e7\u00e3o \u00e0s aulas de Canto de Mantras e que desejam aprender a cantar os 18 cap\u00edtulos da G\u012bt\u0101.\t\t\t\t\t\t\t\t<\/div>\n\t\t\t\t<\/div>\n\t\t\t\t<div class=\"elementor-element elementor-element-0e6218e prgagr elementor-widget elementor-widget-text-editor\" data-id=\"0e6218e\" data-element_type=\"widget\" data-widget_type=\"text-editor.default\">\n\t\t\t\t<div class=\"elementor-widget-container\">\n\t\t\t\t\t\t\t\t\t<div style=\"height: 25px;\"><b>Reuni\u00f5es individuais online:&nbsp;<\/b><\/div>\n<div style=\"height: 12px;\"><\/div>\n<p>O professor estar\u00e1 dispon\u00edvel para fornecer suporte e esclarecimentos pessoais, al\u00e9m das aulas em grupo em andamento.<\/p>\n<div style=\"height: 25px;\"><\/div>\n<p><b>Aulas semanais<\/b><\/p>\n<div style=\"height: 2px;\"><\/div>\n<p><b>Dura\u00e7\u00e3o: <\/b> Curso cont\u00ednuo<\/p>\n<div style=\"height: 2px;\"><\/div>\n<p><b>Inclui: <\/b> E-material + \u00e1udio, Grava\u00e7\u00e3o de aula<\/p>\n<div style=\"height: 2px;\"><\/div>\n<p><b>Pr\u00e9-requisito: <\/b> Conhecimento b\u00e1sico de mantras e de S\u00e2nscrito<\/p>\n<div style=\"height: 2px;\"><\/div>\n<p><b>N\u00edvel: <\/b> Avan\u00e7ado<\/p>\n<div style=\"height: 2px;\"><\/div>\n<p>Atendimento personalizado<\/p>\n<div style=\"height: 25px;\"><\/div>\n<p><b>Inscri\u00e7\u00e3o e contato: <\/b><span style=\"font-weight: var( --e-global-typography-text-font-weight );\">para inscri\u00e7\u00f5es, esclarecimentos ou sugest\u00f5es, escreva para <\/span><a style=\"font-weight: var( --e-global-typography-text-font-weight ); background-color: #ffffff;\" href=\"mailto: atmavidyaonline@gmail.com\">atmavidyaonline@gmail.com<\/a><\/p>\t\t\t\t\t\t\t\t<\/div>\n\t\t\t\t<\/div>\n\t\t\t\t<div class=\"elementor-element elementor-element-76b32b0 elementor-widget elementor-widget-text-editor\" data-id=\"76b32b0\" data-element_type=\"widget\" data-widget_type=\"text-editor.default\">\n\t\t\t\t<div class=\"elementor-widget-container\">\n\t\t\t\t\t\t\t\t\t<a href=\"#ppsShowPopUp_100\" class=\"orangbtn\">Pedir Detalhes<\/a>\t\t\t\t\t\t\t\t<\/div>\n\t\t\t\t<\/div>\n\t\t\t\t\t<\/div>\n\t\t<\/div>\n\t\t\t\t\t<\/div>\n\t\t<\/section>\n\t\t\t\t<section class=\"elementor-section elementor-top-section elementor-element elementor-element-408b991 elementor-section-boxed elementor-section-height-default elementor-section-height-default\" data-id=\"408b991\" data-element_type=\"section\">\n\t\t\t\t\t\t<div class=\"elementor-container elementor-column-gap-default\">\n\t\t\t\t\t<div class=\"elementor-column elementor-col-100 elementor-top-column elementor-element elementor-element-6a31968\" data-id=\"6a31968\" data-element_type=\"column\">\n\t\t\t<div class=\"elementor-widget-wrap elementor-element-populated\">\n\t\t\t\t\t\t<div class=\"elementor-element elementor-element-63418a9 elementor-widget elementor-widget-image\" data-id=\"63418a9\" data-element_type=\"widget\" data-widget_type=\"image.default\">\n\t\t\t\t<div class=\"elementor-widget-container\">\n\t\t\t\t\t\t\t\t\t\t\t\t\t\t\t<img decoding=\"async\" width=\"140\" height=\"34\" src=\"https:\/\/atmavidya.in\/wp-content\/uploads\/2022\/02\/divider-icon.jpg\" class=\"attachment-large size-large wp-image-2629\" alt=\"\" \/>\t\t\t\t\t\t\t\t\t\t\t\t\t\t\t<\/div>\n\t\t\t\t<\/div>\n\t\t\t\t\t<\/div>\n\t\t<\/div>\n\t\t\t\t\t<\/div>\n\t\t<\/section>\n\t\t\t\t<\/div>\n\t\t","protected":false},"excerpt":{"rendered":"<p>Canto da Bhagavad G\u012bt\u0101 &#8220;O Bhagavad G\u012bt\u0101 fornece a vis\u00e3o e um modo de vida.&#8221; &#8211; Pujya Swami Dayananda Saraswati CANTO DA BHAGAVAD GITA\u00a0 &#8220;O&#8230;<\/p>\n","protected":false},"author":1,"featured_media":0,"parent":0,"menu_order":0,"comment_status":"closed","ping_status":"closed","template":"","meta":{"footnotes":""},"class_list":["post-6834","page","type-page","status-publish","hentry"],"_links":{"self":[{"href":"https:\/\/atmavidya.in\/index.php?rest_route=\/wp\/v2\/pages\/6834","targetHints":{"allow":["GET"]}}],"collection":[{"href":"https:\/\/atmavidya.in\/index.php?rest_route=\/wp\/v2\/pages"}],"about":[{"href":"https:\/\/atmavidya.in\/index.php?rest_route=\/wp\/v2\/types\/page"}],"author":[{"embeddable":true,"href":"https:\/\/atmavidya.in\/index.php?rest_route=\/wp\/v2\/users\/1"}],"replies":[{"embeddable":true,"href":"https:\/\/atmavidya.in\/index.php?rest_route=%2Fwp%2Fv2%2Fcomments&post=6834"}],"version-history":[{"count":15,"href":"https:\/\/atmavidya.in\/index.php?rest_route=\/wp\/v2\/pages\/6834\/revisions"}],"predecessor-version":[{"id":7217,"href":"https:\/\/atmavidya.in\/index.php?rest_route=\/wp\/v2\/pages\/6834\/revisions\/7217"}],"wp:attachment":[{"href":"https:\/\/atmavidya.in\/index.php?rest_route=%2Fwp%2Fv2%2Fmedia&parent=6834"}],"curies":[{"name":"wp","href":"https:\/\/api.w.org\/{rel}","templated":true}]}}