{"id":4184,"date":"2022-04-21T18:25:18","date_gmt":"2022-04-21T18:25:18","guid":{"rendered":"http:\/\/atmavidya.org.in\/?post_type=product&#038;p=4184"},"modified":"2022-04-21T18:25:43","modified_gmt":"2022-04-21T18:25:43","slug":"mani%e1%b9%a3a-pancakam-pt","status":"publish","type":"product","link":"https:\/\/atmavidya.in\/?product=mani%e1%b9%a3a-pancakam-pt","title":{"rendered":"Man\u012b\u1e63\u0101 Pa\u00f1cakam"},"content":{"rendered":"<p>Man\u012b\u1e63\u0101 Pa\u00f1caka\u1e43 &#8211; \u00c9 atribu\u00eddo ao Mestre \u0100di \u015aa\u1e45kar\u0101c\u0101rya. O texto consiste de cinco versos onde a ess\u00eancia de Advaita Vedanta \u00e9 apresentada a partir de um di\u00e1logo entre \u015aankar\u0101c\u0101rya e o pr\u00f3prio Senhor \u015aiva que, na ocasi\u00e3o, se encontrava na forma de um intoc\u00e1vel. Um pequeno mas importante tratado para ser estudado por todo o aspirante ao estudo de Vedanta.<\/p>\n","protected":false},"excerpt":{"rendered":"<ul>\n<li><strong class=\"space1\">Recording Year<\/strong>: 2020<\/li>\n<li><strong class=\"space1\">Classes nos.<\/strong>: 5 Classes<\/li>\n<li><strong class=\"space1\">Total Duration<\/strong>: 4 Hrs 56 min<\/li>\n<li><strong class=\"space1\">File Format<\/strong>: MP4 (incl. PDF Booklet)<\/li>\n<li><strong class=\"space1\">Download Size<\/strong>: 1.0 GB<\/li>\n<li><strong class=\"space1\">Language<\/strong>: Portuguese<\/li>\n<\/ul>\n","protected":false},"featured_media":3860,"template":"","meta":[],"product_brand":[],"product_cat":[41],"product_tag":[],"class_list":{"0":"post-4184","1":"product","2":"type-product","3":"status-publish","4":"has-post-thumbnail","6":"product_cat-uncategorized-pt-br","8":"first","9":"instock","10":"shipping-taxable","11":"purchasable","12":"product-type-simple"},"_links":{"self":[{"href":"https:\/\/atmavidya.in\/index.php?rest_route=\/wp\/v2\/product\/4184","targetHints":{"allow":["GET"]}}],"collection":[{"href":"https:\/\/atmavidya.in\/index.php?rest_route=\/wp\/v2\/product"}],"about":[{"href":"https:\/\/atmavidya.in\/index.php?rest_route=\/wp\/v2\/types\/product"}],"wp:featuredmedia":[{"embeddable":true,"href":"https:\/\/atmavidya.in\/index.php?rest_route=\/wp\/v2\/media\/3860"}],"wp:attachment":[{"href":"https:\/\/atmavidya.in\/index.php?rest_route=%2Fwp%2Fv2%2Fmedia&parent=4184"}],"wp:term":[{"taxonomy":"product_brand","embeddable":true,"href":"https:\/\/atmavidya.in\/index.php?rest_route=%2Fwp%2Fv2%2Fproduct_brand&post=4184"},{"taxonomy":"product_cat","embeddable":true,"href":"https:\/\/atmavidya.in\/index.php?rest_route=%2Fwp%2Fv2%2Fproduct_cat&post=4184"},{"taxonomy":"product_tag","embeddable":true,"href":"https:\/\/atmavidya.in\/index.php?rest_route=%2Fwp%2Fv2%2Fproduct_tag&post=4184"}],"curies":[{"name":"wp","href":"https:\/\/api.w.org\/{rel}","templated":true}]}}